?
162024
In base 12, what is -b - 120133?
-120142
In base 9, what is 2531828370 + -4?
2531828365
In base 13, what is -806 - -5015?
450c
In base 3, what is -200122 - -2001101100?
2000200201
In base 6, what is -1041025 + 4454?
-1032131
In base 4, what is -12030 - -211022322?
211010232
In base 15, what is -52e9 - 1865?
-6b5e
In base 8, what is -3 - -550324244?
550324241
In base 9, what is 0 - -7840853?
7840853
In base 11, what is -791 - 5a263?
-5aa44
In base 7, what is 35 - -530455053?
530455121
In base 12, what is -1150349 + 6?
-1150343
In base 13, what is 3979c5 + -56?
39796c
In base 6, what is -45 + -20323114?
-20323203
In base 15, what is -37 - -3592a?
358e3
In base 16, what is -2 - 14ba99c?
-14ba99e
In base 14, what is -c74 + -2143?
-2db7
In base 6, what is 0 + -2341014402?
-2341014402
In base 16, what is 89b + -15c8c?
-153f1
In base 2, what is -111000100100111110 - -1001011111?
-111000011011011111
In base 6, what is 1333412 - -405?
1334221
In base 13, what is 15 + 20cb789?
20cb7a1
In base 8, what is 150027265 - 6?
150027257
In base 3, what is 0 - 222000021101000?
-222000021101000
In base 6, what is 12010 + 304034?
320044
In base 2, what is -1001001010 + 1001010111110001?
1001001110100111
In base 3, what is 1111022 - -1011011122001?
1011020010100
In base 15, what is -2 - 27d3da3?
-27d3da5
In base 14, what is -aa4c - 1a98?
-c706
In base 7, what is -232 - -3322626?
3322364
In base 14, what is -3c6320 - d?
-3c632d
In base 8, what is -464473171 - 2?
-464473173
In base 3, what is -1000122212110200 + -222?
-1000122212111122
In base 8, what is 15613344 + 6?
15613352
In base 9, what is -33631 + -5263?
-40004
In base 14, what is 1 - -241b527?
241b528
In base 6, what is 245155322 + -35?
245155243
In base 8, what is -20217 + -21564?
-42003
In base 13, what is -1c8238 + b?
-1c822a
In base 11, what is -24143 - 157a?
-25712
In base 14, what is 581d + -36c?
5491
In base 14, what is 1620ac30 - 3?
1620ac2b
In base 9, what is -1 + 34528618?
34528617
In base 7, what is 30 - -1233666?
1234026
In base 12, what is -342 + -4b930?
-50072
In base 9, what is 6 + 64844457?
64844464
In base 14, what is 5 - -543592?
543597
In base 6, what is 2 + -111525021?
-111525015
In base 9, what is 453261 - -346?
453617
In base 14, what is 0 + -138a62?
-138a62
In base 10, what is 6 + -113269817?
-113269811
In base 16, what is 35f40 - -67?
35fa7
In base 12, what is 1a57 - 32bb?
-1464
In base 4, what is -100 - 1031222100132?
-1031222100232
In base 9, what is -1415774470 + -3?
-1415774473
In base 4, what is 2 + -1101222102113?
-1101222102111
In base 11, what is 137232505 + 5?
13723250a
In base 13, what is -27416 + 28?
-273bb
In base 8, what is -31526 + 503?
-31023
In base 12, what is 142ba49a + 4?
142ba4a2
In base 8, what is -547103707 - 1?
-547103710
In base 7, what is 5 + 13045001?
13045006
In base 14, what is -1 + 4620c86?
4620c85
In base 5, what is 314104313 + 1?
314104314
In base 15, what is 0 + 33dd7?
33dd7
In base 9, what is -44 - -15705?
15651
In base 5, what is -422404401203 + 10?
-422404401143
In base 5, what is 10334234031101 + -2?
10334234031044
In base 15, what is -55e83 - 2c?
-55eb0
In base 8, what is 13555274 - -271?
13555565
In base 5, what is 4 - 130400004402?
-130400004343
In base 3, what is 21002022 - 212020120?
-121011021
In base 5, what is 1232431421312 - 0?
1232431421312
In base 11, what is -9370915 + -7?
-9370921
In base 4, what is 3 - -331203030201?
331203030210
In base 12, what is -6 - -b42033aa?
b42033a4
In base 10, what is -105945 + 1658?
-104287
In base 4, what is -1202300202313 + 20?
-1202300202233
In base 12, what is 0 - 6bb9068?
-6bb9068
In base 7, what is -52105111114 - 4?
-52105111121
In base 7, what is 40251046 + -4?
40251042
In base 15, what is -8e8a3 + -485?
-8ed38
In base 8, what is -14727224 + -40?
-14727264
In base 14, what is -25c6 - -1a6?
-2420
In base 13, what is 3 + -1c2bc658?
-1c2bc655
In base 13, what is -123396a2 - -5?
-1233969a
In base 14, what is -12 + -229cdd?
-229d11
In base 11, what is 4 - -1aa98810?
1aa98814
In base 16, what is 62f1d3a3 + 3?
62f1d3a6
In base 16, what is -a9ec4c + -3?
-a9ec4f
In base 9, what is 206107761 + 5?
206107766
In base 13, what is -47 - -21a871?
21a827
In base 12, what is 60847 - -5?
60850
In base 15, what is 2c33 + 28?
2c5b
In base 2, what is 10010001011101100011010 + -1110?
10010001011101100001100
In base 11, what is 568 - 4288a7?
-42833a
In base 3, what is 112 - -201221222201202?
201221222202021
In base 7, what is -53 - 554403?
-554456
In base 14, what is -804ad4a - -2?
-804ad48
In base 7, what is 301124 - 303?
300521
In base 3, what is 12121 + -101212100010?
-101212010112
In base 3, what is 101221010222 + 102?
101221011101
In base 3, what is -1 + 1120210211011102?
1120210211011101
In base 10, what is -3 + -1995278?
-1995281
In base 7, what is -103611112 - 10?
-103611122
In base 6, what is -24152 + -143350?
-211542
In base 13, what is -24a - 8cbb25?
-8cc072
In base 16, what is 11 + 2bc70e8?
2bc70f9
In base 12, what is 4 + 16b01a?
16b022
In base 7, what is 16004566 - -341?
16005240
In base 8, what is -41465 + -101?
-41566
In base 14, what is 76 + -20199a?
-201924
In base 15, what is 35d - -1ba2a?
1bd88
In base 2, what is -100011000001011001 + -10010001100?
-100011010011100101
In base 10, what is -15257308 + 6?
-15257302
In base 11, what is -12 + a74a321?
a74a30a
In base 2, what is 111111 - -110100000010000110110?
110100000010001110101
In base 12, what is -8b - b653a?
-b6609
In base 13, what is 2c19ab7c + 4?
2c19ab83
In base 14, what is -49 - -6c446?
6c3db
In base 2, what is -11011101000101110001011 + 10?
-11011101000101110001001
In base 14, what is 86 - 2497c?
-248d6
In base 7, what is 0 + 155502143?
155502143
In base 10, what is 1 - -6849628?
6849629
In base 16, what is -2c5 + -5bbc3?
-5be88
In base 12, what is -27 - -26113?
260a8
In base 5, what is -30030 - -1444232?
1414202
In base 7, what is 0 + 50421421?
50421421
In base 10, what is 20792 + 56?
20848
In base 4, what is 20022 - -1113130?
1133212
In base 9, what is 148111 - -172?
148283
In base 2, what is -1000000000001111 + 10001100000?
-111101110101111
In base 12, what is 1022453 + 3?
1022456
In base 13, what is -2c0596 - 3?
-2c0599
In base 3, what is -12101001202120 + 10?
-12101001202110
In base 14, what is cd7b0 - -1db?
cd9ab
In base 10, what is -60164074 + 0?
-60164074
In base 13, what is -52a - -2aa92?
2a565
In base 13, what is -2c50622 + -38?
-2c5065a
In base 8, what is 1250570 + -73?
1250475
In base 12, what is 122aa7 + -48?
122a5b
In base 10, what is -4 - 7515979?
-7515983
In base 16, what is 172 + 3f561?
3f6d3
In base 14, what is -4471612 - -5?
-447160b
In base 5, what is 301430021 + 1002?
301431023
In base 15, what is -cb6d6 - 2d4?
-cb9ba
In base 16, what is 2ce8 + -64f?
2699
In base 16, what is 2e3df - 21?
2e3be
In base 6, what is 1020422210 + 22?
1020422232
In base 4, what is -2311 + -30111212?
-30120123
In base 2, what is -11000001011110011110010011110 + -10?
-11000001011110011110010100000
In base 11, what is -2 + 9039442?
9039440
In base 9, what is -2058 + 12018?
8850
In base 16, what is -38 + -382d67?
-382d9f
In base 14, what is -18 + -c2169?
-c2183
In base 13, what is 5 + 82073c9?
8207401
In base 5, what is -14401111 - -143100?
-14203011
In base 14, what is -2171a0d - -8?
-2171a05
In base 11, what is -2 + -3a83064?
-3a83066
In base 5, what is -10433404402 - 20?
-10433404422
In base 13, what is -5 - 5c2534?
-5c2539
In base 15, what is 1b30e + 332?
1b641
In base 5, what is 4 - 44142112422?
-44142112413
In base 14, what is a0 + -1abd7?
-1ab37
In base 13, what is 1b1 - -6bab9?
6bc9a
In base 10, what is -4 + 52748?
52744
In base 13, what is -34733 - -35?
-346cb
In base 5, what is 401311201 - 313?
401310333
In base 7, what is 104434 - -56224?
163661
In base 12, what is -ab - -22406?
22317
In base 9, what is -1 - -547678206?
547678205
In base 2, what is 1110 - -11001000011110110101010101?
11001000011110110101100011
In base 11, what is -6 + -42431771?
-42431777
In base 8, what is 75 - -101202?
101277
In base 2, what is -100 - -110101101001000100001010110?
110101101001000100001010010
In base 2, what is -1110000 - -100110010010101001100?
100110010010011011100
In base 3, what is -21221101 - 22001220010?
-22100211111
In base 4, what is -12011 - 